{"id":3189,"date":"2026-02-03T12:15:16","date_gmt":"2026-02-03T10:15:16","guid":{"rendered":"https:\/\/promocioeconomica.paeria.cat\/web\/?page_id=3189"},"modified":"2026-02-05T18:04:20","modified_gmt":"2026-02-05T16:04:20","slug":"tendencies-dia-que-transformaran-el-marqueting-durant-el-2026","status":"publish","type":"page","link":"https:\/\/promocioeconomica.paeria.cat\/web\/tendencies-dia-que-transformaran-el-marqueting-durant-el-2026\/","title":{"rendered":"Tend\u00e8ncies d&#8217;IA que transformaran el marqueting durant el 2026 &#8211; 05\/02\/2026"},"content":{"rendered":"\t\t<div data-elementor-type=\"wp-page\" data-elementor-id=\"3189\" class=\"elementor elementor-3189\">\n\t\t\t\t\t\t<section class=\"elementor-section elementor-top-section elementor-element elementor-element-b0e4660 elementor-section-boxed elementor-section-height-default elementor-section-height-default\" data-id=\"b0e4660\" data-element_type=\"section\" data-e-type=\"section\">\n\t\t\t\t\t\t<div class=\"elementor-container elementor-column-gap-default\">\n\t\t\t\t\t<div class=\"elementor-column elementor-col-100 elementor-top-column elementor-element elementor-element-867a845\" data-id=\"867a845\" data-element_type=\"column\" data-e-type=\"column\">\n\t\t\t<div class=\"elementor-widget-wrap elementor-element-populated\">\n\t\t\t\t\t\t<div class=\"elementor-element elementor-element-16913c4 elementor-widget elementor-widget-text-editor\" data-id=\"16913c4\" data-element_type=\"widget\" data-e-type=\"widget\" data-widget_type=\"text-editor.default\">\n\t\t\t\t<div class=\"elementor-widget-container\">\n\t\t\t\t\t\t\t\t\t<div>\n<p>En aquest webinar conversarem amb\u00a0<strong>Joan de Santiago<\/strong>, consultor i formador en IA i m\u00e0rqueting que oferir\u00e0 una visi\u00f3 clara i estrat\u00e8gica de com la intel\u00b7lig\u00e8ncia artificial est\u00e0 redefinint el m\u00e0rqueting, des de la creaci\u00f3 de continguts i la personalitzaci\u00f3 fins a l\u2019automatitzaci\u00f3 i la presa de decisions basada en dades.<br \/>M\u00e9s enll\u00e0 de la tecnologia, aquesta sessi\u00f3 posa l\u2019accent en el criteri: qu\u00e8 t\u00e9 sentit automatitzar, qu\u00e8 no, i com fer-ho sense perdre identitat, mirada humana ni coher\u00e8ncia de marca, en un context cada vegada m\u00e9s accelerat i exigent.<\/p>\n<\/div>\n<div>\n<p><strong>Adre\u00e7at a:<\/strong>\u00a0persones amb una idea de negoci, emprenedores, membres d&#8217;empreses i per totes aquelles persones interessades en l&#8217;emprenedoria.\u00a0<\/p>\n<\/div>\n<div>\n<p><strong>Dia:<\/strong><span class=\"apple-converted-space\">\u00a0<\/span>05 de febrer de 2026<\/p>\n<\/div>\n<div>\n<p><strong>Hora:<\/strong><span class=\"apple-converted-space\">\u00a0<\/span>de 12 h a 13:30 h\u00a0<\/p>\n<\/div>\n<div>\n<p><strong>Ubicaci\u00f3:<\/strong><span class=\"apple-converted-space\"><b>\u00a0<\/b><\/span>En l\u00ednea<\/p>\n<\/div>\n<div>\n<p><em>*Formaci\u00f3<\/em><span class=\"apple-converted-space\"><i>\u00a0<\/i><\/span><em><u>gratu\u00efta<\/u><\/em><\/p>\n<\/div>\t\t\t\t\t\t\t\t<\/div>\n\t\t\t\t<\/div>\n\t\t\t\t<div class=\"elementor-element elementor-element-3faf267 elementor-widget elementor-widget-button\" data-id=\"3faf267\" data-element_type=\"widget\" data-e-type=\"widget\" data-widget_type=\"button.default\">\n\t\t\t\t<div class=\"elementor-widget-container\">\n\t\t\t\t\t\t\t\t\t<div class=\"elementor-button-wrapper\">\n\t\t\t\t\t<a class=\"elementor-button elementor-button-link elementor-size-sm\" href=\"https:\/\/promocioeconomica.paeria.cat\/web\/wp-content\/uploads\/2026\/02\/Webinar-enLLEIDAt-05.02.2026.pdf\">\n\t\t\t\t\t\t<span class=\"elementor-button-content-wrapper\">\n\t\t\t\t\t\t\t\t\t<span class=\"elementor-button-text\">M\u00c9S INFORMACI\u00d3<\/span>\n\t\t\t\t\t<\/span>\n\t\t\t\t\t<\/a>\n\t\t\t\t<\/div>\n\t\t\t\t\t\t\t\t<\/div>\n\t\t\t\t<\/div>\n\t\t\t\t<div class=\"elementor-element elementor-element-629d174 elementor-widget elementor-widget-button\" data-id=\"629d174\" data-element_type=\"widget\" data-e-type=\"widget\" data-widget_type=\"button.default\">\n\t\t\t\t<div class=\"elementor-widget-container\">\n\t\t\t\t\t\t\t\t\t<div class=\"elementor-button-wrapper\">\n\t\t\t\t\t<a class=\"elementor-button elementor-button-link elementor-size-sm\" href=\"https:\/\/goo.su\/8gavA2S\">\n\t\t\t\t\t\t<span class=\"elementor-button-content-wrapper\">\n\t\t\t\t\t\t\t\t\t<span class=\"elementor-button-text\">INSCRIU-TE<\/span>\n\t\t\t\t\t<\/span>\n\t\t\t\t\t<\/a>\n\t\t\t\t<\/div>\n\t\t\t\t\t\t\t\t<\/div>\n\t\t\t\t<\/div>\n\t\t\t\t\t<\/div>\n\t\t<\/div>\n\t\t\t\t\t<\/div>\n\t\t<\/section>\n\t\t\t\t<\/div>\n\t\t","protected":false},"excerpt":{"rendered":"<p>En aquest webinar conversarem amb\u00a0Joan de Santiago, consultor i formador en IA i m\u00e0rqueting que oferir\u00e0 una visi\u00f3 clara i estrat\u00e8gica de com la intel\u00b7lig\u00e8ncia artificial est\u00e0 redefinint el m\u00e0rqueting, des de la creaci\u00f3 de continguts i la personalitzaci\u00f3 fins a l\u2019automatitzaci\u00f3 i la presa de decisions basada en dades.M\u00e9s enll\u00e0 de la tecnologia, aquesta &#8230; <a title=\"Tend\u00e8ncies d&#8217;IA que transformaran el marqueting durant el 2026 &#8211; 05\/02\/2026\" class=\"read-more\" href=\"https:\/\/promocioeconomica.paeria.cat\/web\/tendencies-dia-que-transformaran-el-marqueting-durant-el-2026\/\" aria-label=\"M\u00e9s informaci\u00f3 sobre Tend\u00e8ncies d&#8217;IA que transformaran el marqueting durant el 2026 &#8211; 05\/02\/2026\">Llegiu m\u00e9s<\/a><\/p>\n","protected":false},"author":17,"featured_media":3205,"parent":0,"menu_order":0,"comment_status":"closed","ping_status":"closed","template":"","meta":{"_sitemap_exclude":false,"_sitemap_priority":"","_sitemap_frequency":"","footnotes":""},"class_list":["post-3189","page","type-page","status-publish","has-post-thumbnail"],"yoast_head":"<!-- This site is optimized with the Yoast SEO plugin v27.5 - https:\/\/yoast.com\/product\/yoast-seo-wordpress\/ -->\n<title>Tend\u00e8ncies d&#039;IA que transformaran el marqueting durant el 2026 - 05\/02\/2026 - Promoci\u00f3 Econ\u00f2mica i Emprenedoria<\/title>\n<meta name=\"robots\" content=\"index, follow, max-snippet:-1, max-image-preview:large, max-video-preview:-1\" \/>\n<link rel=\"canonical\" href=\"https:\/\/promocioeconomica.paeria.cat\/web\/tendencies-dia-que-transformaran-el-marqueting-durant-el-2026\/\" \/>\n<meta property=\"og:locale\" content=\"ca_ES\" \/>\n<meta property=\"og:type\" content=\"article\" \/>\n<meta property=\"og:title\" content=\"Tend\u00e8ncies d&#039;IA que transformaran el marqueting durant el 2026 - 05\/02\/2026 - Promoci\u00f3 Econ\u00f2mica i Emprenedoria\" \/>\n<meta property=\"og:description\" content=\"En aquest webinar conversarem amb\u00a0Joan de Santiago, consultor i formador en IA i m\u00e0rqueting que oferir\u00e0 una visi\u00f3 clara i estrat\u00e8gica de com la intel\u00b7lig\u00e8ncia artificial est\u00e0 redefinint el m\u00e0rqueting, des de la creaci\u00f3 de continguts i la personalitzaci\u00f3 fins a l\u2019automatitzaci\u00f3 i la presa de decisions basada en dades.M\u00e9s enll\u00e0 de la tecnologia, aquesta ... Llegiu m\u00e9s\" \/>\n<meta property=\"og:url\" content=\"https:\/\/promocioeconomica.paeria.cat\/web\/tendencies-dia-que-transformaran-el-marqueting-durant-el-2026\/\" \/>\n<meta property=\"og:site_name\" content=\"Promoci\u00f3 Econ\u00f2mica i Emprenedoria\" \/>\n<meta property=\"article:modified_time\" content=\"2026-02-05T16:04:20+00:00\" \/>\n<meta property=\"og:image\" content=\"https:\/\/promocioeconomica.paeria.cat\/web\/wp-content\/uploads\/2026\/02\/Webinar-enLLEIDAt-05.02.2026-1-scaled.jpg\" \/>\n\t<meta property=\"og:image:width\" content=\"2560\" \/>\n\t<meta property=\"og:image:height\" content=\"856\" \/>\n\t<meta property=\"og:image:type\" content=\"image\/jpeg\" \/>\n<meta name=\"twitter:card\" content=\"summary_large_image\" \/>\n<meta name=\"twitter:label1\" content=\"Temps estimat de lectura\" \/>\n\t<meta name=\"twitter:data1\" content=\"1 minut\" \/>\n<script type=\"application\/ld+json\" class=\"yoast-schema-graph\">{\"@context\":\"https:\\\/\\\/schema.org\",\"@graph\":[{\"@type\":\"WebPage\",\"@id\":\"https:\\\/\\\/promocioeconomica.paeria.cat\\\/web\\\/tendencies-dia-que-transformaran-el-marqueting-durant-el-2026\\\/\",\"url\":\"https:\\\/\\\/promocioeconomica.paeria.cat\\\/web\\\/tendencies-dia-que-transformaran-el-marqueting-durant-el-2026\\\/\",\"name\":\"Tend\u00e8ncies d'IA que transformaran el marqueting durant el 2026 - 05\\\/02\\\/2026 - Promoci\u00f3 Econ\u00f2mica i Emprenedoria\",\"isPartOf\":{\"@id\":\"https:\\\/\\\/promocioeconomica.paeria.cat\\\/web\\\/#website\"},\"primaryImageOfPage\":{\"@id\":\"https:\\\/\\\/promocioeconomica.paeria.cat\\\/web\\\/tendencies-dia-que-transformaran-el-marqueting-durant-el-2026\\\/#primaryimage\"},\"image\":{\"@id\":\"https:\\\/\\\/promocioeconomica.paeria.cat\\\/web\\\/tendencies-dia-que-transformaran-el-marqueting-durant-el-2026\\\/#primaryimage\"},\"thumbnailUrl\":\"https:\\\/\\\/promocioeconomica.paeria.cat\\\/web\\\/wp-content\\\/uploads\\\/2026\\\/02\\\/Webinar-enLLEIDAt-05.02.2026-1-scaled.jpg\",\"datePublished\":\"2026-02-03T10:15:16+00:00\",\"dateModified\":\"2026-02-05T16:04:20+00:00\",\"breadcrumb\":{\"@id\":\"https:\\\/\\\/promocioeconomica.paeria.cat\\\/web\\\/tendencies-dia-que-transformaran-el-marqueting-durant-el-2026\\\/#breadcrumb\"},\"inLanguage\":\"ca\",\"potentialAction\":[{\"@type\":\"ReadAction\",\"target\":[\"https:\\\/\\\/promocioeconomica.paeria.cat\\\/web\\\/tendencies-dia-que-transformaran-el-marqueting-durant-el-2026\\\/\"]}]},{\"@type\":\"ImageObject\",\"inLanguage\":\"ca\",\"@id\":\"https:\\\/\\\/promocioeconomica.paeria.cat\\\/web\\\/tendencies-dia-que-transformaran-el-marqueting-durant-el-2026\\\/#primaryimage\",\"url\":\"https:\\\/\\\/promocioeconomica.paeria.cat\\\/web\\\/wp-content\\\/uploads\\\/2026\\\/02\\\/Webinar-enLLEIDAt-05.02.2026-1-scaled.jpg\",\"contentUrl\":\"https:\\\/\\\/promocioeconomica.paeria.cat\\\/web\\\/wp-content\\\/uploads\\\/2026\\\/02\\\/Webinar-enLLEIDAt-05.02.2026-1-scaled.jpg\",\"width\":2560,\"height\":856},{\"@type\":\"BreadcrumbList\",\"@id\":\"https:\\\/\\\/promocioeconomica.paeria.cat\\\/web\\\/tendencies-dia-que-transformaran-el-marqueting-durant-el-2026\\\/#breadcrumb\",\"itemListElement\":[{\"@type\":\"ListItem\",\"position\":1,\"name\":\"Inici\",\"item\":\"https:\\\/\\\/promocioeconomica.paeria.cat\\\/web\\\/\"},{\"@type\":\"ListItem\",\"position\":2,\"name\":\"Tend\u00e8ncies d&#8217;IA que transformaran el marqueting durant el 2026 &#8211; 05\\\/02\\\/2026\"}]},{\"@type\":\"WebSite\",\"@id\":\"https:\\\/\\\/promocioeconomica.paeria.cat\\\/web\\\/#website\",\"url\":\"https:\\\/\\\/promocioeconomica.paeria.cat\\\/web\\\/\",\"name\":\"Promoci\u00f3 Econ\u00f2mica i Emprenedoria\",\"description\":\"Regidoria de Promoci\u00f3 Econ\u00f2mica i Emprenedoria\",\"publisher\":{\"@id\":\"https:\\\/\\\/promocioeconomica.paeria.cat\\\/web\\\/#organization\"},\"potentialAction\":[{\"@type\":\"SearchAction\",\"target\":{\"@type\":\"EntryPoint\",\"urlTemplate\":\"https:\\\/\\\/promocioeconomica.paeria.cat\\\/web\\\/?s={search_term_string}\"},\"query-input\":{\"@type\":\"PropertyValueSpecification\",\"valueRequired\":true,\"valueName\":\"search_term_string\"}}],\"inLanguage\":\"ca\"},{\"@type\":\"Organization\",\"@id\":\"https:\\\/\\\/promocioeconomica.paeria.cat\\\/web\\\/#organization\",\"name\":\"Ajuntament de Lleida\",\"url\":\"https:\\\/\\\/promocioeconomica.paeria.cat\\\/web\\\/\",\"logo\":{\"@type\":\"ImageObject\",\"inLanguage\":\"ca\",\"@id\":\"https:\\\/\\\/promocioeconomica.paeria.cat\\\/web\\\/#\\\/schema\\\/logo\\\/image\\\/\",\"url\":\"https:\\\/\\\/promocioeconomica.paeria.cat\\\/web\\\/wp-content\\\/uploads\\\/2021\\\/06\\\/capcalera-promocio-economica.png\",\"contentUrl\":\"https:\\\/\\\/promocioeconomica.paeria.cat\\\/web\\\/wp-content\\\/uploads\\\/2021\\\/06\\\/capcalera-promocio-economica.png\",\"width\":1100,\"height\":221,\"caption\":\"Ajuntament de Lleida\"},\"image\":{\"@id\":\"https:\\\/\\\/promocioeconomica.paeria.cat\\\/web\\\/#\\\/schema\\\/logo\\\/image\\\/\"}}]}<\/script>\n<!-- \/ Yoast SEO plugin. -->","yoast_head_json":{"title":"Tend\u00e8ncies d'IA que transformaran el marqueting durant el 2026 - 05\/02\/2026 - Promoci\u00f3 Econ\u00f2mica i Emprenedoria","robots":{"index":"index","follow":"follow","max-snippet":"max-snippet:-1","max-image-preview":"max-image-preview:large","max-video-preview":"max-video-preview:-1"},"canonical":"https:\/\/promocioeconomica.paeria.cat\/web\/tendencies-dia-que-transformaran-el-marqueting-durant-el-2026\/","og_locale":"ca_ES","og_type":"article","og_title":"Tend\u00e8ncies d'IA que transformaran el marqueting durant el 2026 - 05\/02\/2026 - Promoci\u00f3 Econ\u00f2mica i Emprenedoria","og_description":"En aquest webinar conversarem amb\u00a0Joan de Santiago, consultor i formador en IA i m\u00e0rqueting que oferir\u00e0 una visi\u00f3 clara i estrat\u00e8gica de com la intel\u00b7lig\u00e8ncia artificial est\u00e0 redefinint el m\u00e0rqueting, des de la creaci\u00f3 de continguts i la personalitzaci\u00f3 fins a l\u2019automatitzaci\u00f3 i la presa de decisions basada en dades.M\u00e9s enll\u00e0 de la tecnologia, aquesta ... Llegiu m\u00e9s","og_url":"https:\/\/promocioeconomica.paeria.cat\/web\/tendencies-dia-que-transformaran-el-marqueting-durant-el-2026\/","og_site_name":"Promoci\u00f3 Econ\u00f2mica i Emprenedoria","article_modified_time":"2026-02-05T16:04:20+00:00","og_image":[{"width":2560,"height":856,"url":"https:\/\/promocioeconomica.paeria.cat\/web\/wp-content\/uploads\/2026\/02\/Webinar-enLLEIDAt-05.02.2026-1-scaled.jpg","type":"image\/jpeg"}],"twitter_card":"summary_large_image","twitter_misc":{"Temps estimat de lectura":"1 minut"},"schema":{"@context":"https:\/\/schema.org","@graph":[{"@type":"WebPage","@id":"https:\/\/promocioeconomica.paeria.cat\/web\/tendencies-dia-que-transformaran-el-marqueting-durant-el-2026\/","url":"https:\/\/promocioeconomica.paeria.cat\/web\/tendencies-dia-que-transformaran-el-marqueting-durant-el-2026\/","name":"Tend\u00e8ncies d'IA que transformaran el marqueting durant el 2026 - 05\/02\/2026 - Promoci\u00f3 Econ\u00f2mica i Emprenedoria","isPartOf":{"@id":"https:\/\/promocioeconomica.paeria.cat\/web\/#website"},"primaryImageOfPage":{"@id":"https:\/\/promocioeconomica.paeria.cat\/web\/tendencies-dia-que-transformaran-el-marqueting-durant-el-2026\/#primaryimage"},"image":{"@id":"https:\/\/promocioeconomica.paeria.cat\/web\/tendencies-dia-que-transformaran-el-marqueting-durant-el-2026\/#primaryimage"},"thumbnailUrl":"https:\/\/promocioeconomica.paeria.cat\/web\/wp-content\/uploads\/2026\/02\/Webinar-enLLEIDAt-05.02.2026-1-scaled.jpg","datePublished":"2026-02-03T10:15:16+00:00","dateModified":"2026-02-05T16:04:20+00:00","breadcrumb":{"@id":"https:\/\/promocioeconomica.paeria.cat\/web\/tendencies-dia-que-transformaran-el-marqueting-durant-el-2026\/#breadcrumb"},"inLanguage":"ca","potentialAction":[{"@type":"ReadAction","target":["https:\/\/promocioeconomica.paeria.cat\/web\/tendencies-dia-que-transformaran-el-marqueting-durant-el-2026\/"]}]},{"@type":"ImageObject","inLanguage":"ca","@id":"https:\/\/promocioeconomica.paeria.cat\/web\/tendencies-dia-que-transformaran-el-marqueting-durant-el-2026\/#primaryimage","url":"https:\/\/promocioeconomica.paeria.cat\/web\/wp-content\/uploads\/2026\/02\/Webinar-enLLEIDAt-05.02.2026-1-scaled.jpg","contentUrl":"https:\/\/promocioeconomica.paeria.cat\/web\/wp-content\/uploads\/2026\/02\/Webinar-enLLEIDAt-05.02.2026-1-scaled.jpg","width":2560,"height":856},{"@type":"BreadcrumbList","@id":"https:\/\/promocioeconomica.paeria.cat\/web\/tendencies-dia-que-transformaran-el-marqueting-durant-el-2026\/#breadcrumb","itemListElement":[{"@type":"ListItem","position":1,"name":"Inici","item":"https:\/\/promocioeconomica.paeria.cat\/web\/"},{"@type":"ListItem","position":2,"name":"Tend\u00e8ncies d&#8217;IA que transformaran el marqueting durant el 2026 &#8211; 05\/02\/2026"}]},{"@type":"WebSite","@id":"https:\/\/promocioeconomica.paeria.cat\/web\/#website","url":"https:\/\/promocioeconomica.paeria.cat\/web\/","name":"Promoci\u00f3 Econ\u00f2mica i Emprenedoria","description":"Regidoria de Promoci\u00f3 Econ\u00f2mica i Emprenedoria","publisher":{"@id":"https:\/\/promocioeconomica.paeria.cat\/web\/#organization"},"potentialAction":[{"@type":"SearchAction","target":{"@type":"EntryPoint","urlTemplate":"https:\/\/promocioeconomica.paeria.cat\/web\/?s={search_term_string}"},"query-input":{"@type":"PropertyValueSpecification","valueRequired":true,"valueName":"search_term_string"}}],"inLanguage":"ca"},{"@type":"Organization","@id":"https:\/\/promocioeconomica.paeria.cat\/web\/#organization","name":"Ajuntament de Lleida","url":"https:\/\/promocioeconomica.paeria.cat\/web\/","logo":{"@type":"ImageObject","inLanguage":"ca","@id":"https:\/\/promocioeconomica.paeria.cat\/web\/#\/schema\/logo\/image\/","url":"https:\/\/promocioeconomica.paeria.cat\/web\/wp-content\/uploads\/2021\/06\/capcalera-promocio-economica.png","contentUrl":"https:\/\/promocioeconomica.paeria.cat\/web\/wp-content\/uploads\/2021\/06\/capcalera-promocio-economica.png","width":1100,"height":221,"caption":"Ajuntament de Lleida"},"image":{"@id":"https:\/\/promocioeconomica.paeria.cat\/web\/#\/schema\/logo\/image\/"}}]}},"_links":{"self":[{"href":"https:\/\/promocioeconomica.paeria.cat\/web\/wp-json\/wp\/v2\/pages\/3189","targetHints":{"allow":["GET"]}}],"collection":[{"href":"https:\/\/promocioeconomica.paeria.cat\/web\/wp-json\/wp\/v2\/pages"}],"about":[{"href":"https:\/\/promocioeconomica.paeria.cat\/web\/wp-json\/wp\/v2\/types\/page"}],"author":[{"embeddable":true,"href":"https:\/\/promocioeconomica.paeria.cat\/web\/wp-json\/wp\/v2\/users\/17"}],"replies":[{"embeddable":true,"href":"https:\/\/promocioeconomica.paeria.cat\/web\/wp-json\/wp\/v2\/comments?post=3189"}],"version-history":[{"count":12,"href":"https:\/\/promocioeconomica.paeria.cat\/web\/wp-json\/wp\/v2\/pages\/3189\/revisions"}],"predecessor-version":[{"id":3220,"href":"https:\/\/promocioeconomica.paeria.cat\/web\/wp-json\/wp\/v2\/pages\/3189\/revisions\/3220"}],"wp:featuredmedia":[{"embeddable":true,"href":"https:\/\/promocioeconomica.paeria.cat\/web\/wp-json\/wp\/v2\/media\/3205"}],"wp:attachment":[{"href":"https:\/\/promocioeconomica.paeria.cat\/web\/wp-json\/wp\/v2\/media?parent=3189"}],"curies":[{"name":"wp","href":"https:\/\/api.w.org\/{rel}","templated":true}]}}