{"id":3218,"date":"2026-03-17T17:48:26","date_gmt":"2026-03-17T15:48:26","guid":{"rendered":"https:\/\/promocioeconomica.paeria.cat\/web\/?page_id=3218"},"modified":"2026-03-18T17:28:06","modified_gmt":"2026-03-18T15:28:06","slug":"jornada-dones-i-emprenedoria-03-03-2026","status":"publish","type":"page","link":"https:\/\/promocioeconomica.paeria.cat\/web\/jornada-dones-i-emprenedoria-03-03-2026\/","title":{"rendered":"Jornada Dones i Emprenedoria &#8211; 03\/03\/2026"},"content":{"rendered":"\t\t<div data-elementor-type=\"wp-page\" data-elementor-id=\"3218\" class=\"elementor elementor-3218\">\n\t\t\t\t\t\t<section class=\"elementor-section elementor-top-section elementor-element elementor-element-493da7b elementor-section-boxed elementor-section-height-default elementor-section-height-default\" data-id=\"493da7b\" data-element_type=\"section\" data-e-type=\"section\">\n\t\t\t\t\t\t<div class=\"elementor-container elementor-column-gap-default\">\n\t\t\t\t\t<div class=\"elementor-column elementor-col-100 elementor-top-column elementor-element elementor-element-d7cf73d\" data-id=\"d7cf73d\" data-element_type=\"column\" data-e-type=\"column\">\n\t\t\t<div class=\"elementor-widget-wrap elementor-element-populated\">\n\t\t\t\t\t\t<div class=\"elementor-element elementor-element-4e6913e elementor-widget elementor-widget-image\" data-id=\"4e6913e\" data-element_type=\"widget\" data-e-type=\"widget\" data-widget_type=\"image.default\">\n\t\t\t\t<div class=\"elementor-widget-container\">\n\t\t\t\t\t\t\t\t\t\t\t\t\t\t\t<img fetchpriority=\"high\" decoding=\"async\" width=\"1024\" height=\"342\" src=\"https:\/\/promocioeconomica.paeria.cat\/web\/wp-content\/uploads\/2026\/03\/dielleida26-1024x342.png\" class=\"attachment-large size-large wp-image-3221\" alt=\"\" srcset=\"https:\/\/promocioeconomica.paeria.cat\/web\/wp-content\/uploads\/2026\/03\/dielleida26-1024x342.png 1024w, https:\/\/promocioeconomica.paeria.cat\/web\/wp-content\/uploads\/2026\/03\/dielleida26-300x100.png 300w, https:\/\/promocioeconomica.paeria.cat\/web\/wp-content\/uploads\/2026\/03\/dielleida26-768x257.png 768w, https:\/\/promocioeconomica.paeria.cat\/web\/wp-content\/uploads\/2026\/03\/dielleida26-1536x514.png 1536w, https:\/\/promocioeconomica.paeria.cat\/web\/wp-content\/uploads\/2026\/03\/dielleida26-2048x685.png 2048w\" sizes=\"(max-width: 1024px) 100vw, 1024px\" \/>\t\t\t\t\t\t\t\t\t\t\t\t\t\t\t<\/div>\n\t\t\t\t<\/div>\n\t\t\t\t\t<\/div>\n\t\t<\/div>\n\t\t\t\t\t<\/div>\n\t\t<\/section>\n\t\t\t\t<section class=\"elementor-section elementor-top-section elementor-element elementor-element-66d18a4 elementor-section-boxed elementor-section-height-default elementor-section-height-default\" data-id=\"66d18a4\" data-element_type=\"section\" data-e-type=\"section\">\n\t\t\t\t\t\t<div class=\"elementor-container elementor-column-gap-default\">\n\t\t\t\t\t<div class=\"elementor-column elementor-col-100 elementor-top-column elementor-element elementor-element-19cce58\" data-id=\"19cce58\" data-element_type=\"column\" data-e-type=\"column\">\n\t\t\t<div class=\"elementor-widget-wrap elementor-element-populated\">\n\t\t\t\t\t\t<div class=\"elementor-element elementor-element-f31e972 elementor-widget elementor-widget-text-editor\" data-id=\"f31e972\" data-element_type=\"widget\" data-e-type=\"widget\" data-widget_type=\"text-editor.default\">\n\t\t\t\t<div class=\"elementor-widget-container\">\n\t\t\t\t\t\t\t\t\t<div><div><span lang=\"ES-TRAD\">Jornada organitzada per l\u2019Ajuntament de Lleida a trav\u00e9s de la Regidoria de Feminismes, la Regidoria de Promoci\u00f3 de la Ciutat i la Regidoria de Joventut, Educaci\u00f3 i Ocupaci\u00f3, a m\u00e9s de l\u2019Institut Municipal d\u2019Ocupaci\u00f3 (IMO). L<\/span>a jornada es planteja com un <strong>espai de trobada i intercanvi entre emprenedores, empres\u00e0ries i directives del territori<\/strong>, amb l\u2019objectiu de refor\u00e7ar el paper de la dona com a motor econ\u00f2mic i social.<\/div><div>\u00a0<\/div><div><strong>Dia:<\/strong> 03 de mar\u00e7 de 2026<\/div><div><strong>Hora:<\/strong> a partir de les 19 h<\/div><div><strong>Ubicaci\u00f3:<\/strong><b> <\/b>Caf\u00e8 Teatre de l\u2019Escorxador<\/div><\/div><div><div><p>\u00a0<\/p><p><em>*Entrada<\/em><span class=\"apple-converted-space\"><i>\u00a0<\/i><\/span><em><u>gratu\u00efta<\/u><\/em><\/p><\/div><\/div>\t\t\t\t\t\t\t\t<\/div>\n\t\t\t\t<\/div>\n\t\t\t\t<div class=\"elementor-element elementor-element-4abcb8e elementor-widget elementor-widget-button\" data-id=\"4abcb8e\" data-element_type=\"widget\" data-e-type=\"widget\" data-widget_type=\"button.default\">\n\t\t\t\t<div class=\"elementor-widget-container\">\n\t\t\t\t\t\t\t\t\t<div class=\"elementor-button-wrapper\">\n\t\t\t\t\t<a class=\"elementor-button elementor-button-link elementor-size-sm\" href=\"https:\/\/promocioeconomica.paeria.cat\/web\/wp-content\/uploads\/2026\/02\/large-1.jpeg\">\n\t\t\t\t\t\t<span class=\"elementor-button-content-wrapper\">\n\t\t\t\t\t\t\t\t\t<span class=\"elementor-button-text\">M\u00c9S INFORMACI\u00d3<\/span>\n\t\t\t\t\t<\/span>\n\t\t\t\t\t<\/a>\n\t\t\t\t<\/div>\n\t\t\t\t\t\t\t\t<\/div>\n\t\t\t\t<\/div>\n\t\t\t\t\t<\/div>\n\t\t<\/div>\n\t\t\t\t\t<\/div>\n\t\t<\/section>\n\t\t\t\t<\/div>\n\t\t","protected":false},"excerpt":{"rendered":"<p>Jornada organitzada per l\u2019Ajuntament de Lleida a trav\u00e9s de la Regidoria de Feminismes, la Regidoria de Promoci\u00f3 de la Ciutat i la Regidoria de Joventut, Educaci\u00f3 i Ocupaci\u00f3, a m\u00e9s de l\u2019Institut Municipal d\u2019Ocupaci\u00f3 (IMO). La jornada es planteja com un espai de trobada i intercanvi entre emprenedores, empres\u00e0ries i directives del territori, amb l\u2019objectiu &#8230; <a title=\"Jornada Dones i Emprenedoria &#8211; 03\/03\/2026\" class=\"read-more\" href=\"https:\/\/promocioeconomica.paeria.cat\/web\/jornada-dones-i-emprenedoria-03-03-2026\/\" aria-label=\"M\u00e9s informaci\u00f3 sobre Jornada Dones i Emprenedoria &#8211; 03\/03\/2026\">Llegiu m\u00e9s<\/a><\/p>\n","protected":false},"author":17,"featured_media":0,"parent":0,"menu_order":0,"comment_status":"closed","ping_status":"closed","template":"","meta":{"_sitemap_exclude":false,"_sitemap_priority":"","_sitemap_frequency":"","footnotes":""},"class_list":["post-3218","page","type-page","status-publish"],"yoast_head":"<!-- This site is optimized with the Yoast SEO plugin v27.5 - https:\/\/yoast.com\/product\/yoast-seo-wordpress\/ -->\n<title>Jornada Dones i Emprenedoria - 03\/03\/2026 - Promoci\u00f3 Econ\u00f2mica i Emprenedoria<\/title>\n<meta name=\"robots\" content=\"index, follow, max-snippet:-1, max-image-preview:large, max-video-preview:-1\" \/>\n<link rel=\"canonical\" href=\"https:\/\/promocioeconomica.paeria.cat\/web\/jornada-dones-i-emprenedoria-03-03-2026\/\" \/>\n<meta property=\"og:locale\" content=\"ca_ES\" \/>\n<meta property=\"og:type\" content=\"article\" \/>\n<meta property=\"og:title\" content=\"Jornada Dones i Emprenedoria - 03\/03\/2026 - Promoci\u00f3 Econ\u00f2mica i Emprenedoria\" \/>\n<meta property=\"og:description\" content=\"Jornada organitzada per l\u2019Ajuntament de Lleida a trav\u00e9s de la Regidoria de Feminismes, la Regidoria de Promoci\u00f3 de la Ciutat i la Regidoria de Joventut, Educaci\u00f3 i Ocupaci\u00f3, a m\u00e9s de l\u2019Institut Municipal d\u2019Ocupaci\u00f3 (IMO). La jornada es planteja com un espai de trobada i intercanvi entre emprenedores, empres\u00e0ries i directives del territori, amb l\u2019objectiu ... Llegiu m\u00e9s\" \/>\n<meta property=\"og:url\" content=\"https:\/\/promocioeconomica.paeria.cat\/web\/jornada-dones-i-emprenedoria-03-03-2026\/\" \/>\n<meta property=\"og:site_name\" content=\"Promoci\u00f3 Econ\u00f2mica i Emprenedoria\" \/>\n<meta property=\"article:modified_time\" content=\"2026-03-18T15:28:06+00:00\" \/>\n<meta property=\"og:image\" content=\"https:\/\/promocioeconomica.paeria.cat\/web\/wp-content\/uploads\/2026\/03\/dielleida26-scaled.png\" \/>\n\t<meta property=\"og:image:width\" content=\"2560\" \/>\n\t<meta property=\"og:image:height\" content=\"856\" \/>\n\t<meta property=\"og:image:type\" content=\"image\/png\" \/>\n<meta name=\"twitter:card\" content=\"summary_large_image\" \/>\n<meta name=\"twitter:label1\" content=\"Temps estimat de lectura\" \/>\n\t<meta name=\"twitter:data1\" content=\"1 minut\" \/>\n<script type=\"application\/ld+json\" class=\"yoast-schema-graph\">{\"@context\":\"https:\\\/\\\/schema.org\",\"@graph\":[{\"@type\":\"WebPage\",\"@id\":\"https:\\\/\\\/promocioeconomica.paeria.cat\\\/web\\\/jornada-dones-i-emprenedoria-03-03-2026\\\/\",\"url\":\"https:\\\/\\\/promocioeconomica.paeria.cat\\\/web\\\/jornada-dones-i-emprenedoria-03-03-2026\\\/\",\"name\":\"Jornada Dones i Emprenedoria - 03\\\/03\\\/2026 - Promoci\u00f3 Econ\u00f2mica i Emprenedoria\",\"isPartOf\":{\"@id\":\"https:\\\/\\\/promocioeconomica.paeria.cat\\\/web\\\/#website\"},\"primaryImageOfPage\":{\"@id\":\"https:\\\/\\\/promocioeconomica.paeria.cat\\\/web\\\/jornada-dones-i-emprenedoria-03-03-2026\\\/#primaryimage\"},\"image\":{\"@id\":\"https:\\\/\\\/promocioeconomica.paeria.cat\\\/web\\\/jornada-dones-i-emprenedoria-03-03-2026\\\/#primaryimage\"},\"thumbnailUrl\":\"https:\\\/\\\/promocioeconomica.paeria.cat\\\/web\\\/wp-content\\\/uploads\\\/2026\\\/03\\\/dielleida26-1024x342.png\",\"datePublished\":\"2026-03-17T15:48:26+00:00\",\"dateModified\":\"2026-03-18T15:28:06+00:00\",\"breadcrumb\":{\"@id\":\"https:\\\/\\\/promocioeconomica.paeria.cat\\\/web\\\/jornada-dones-i-emprenedoria-03-03-2026\\\/#breadcrumb\"},\"inLanguage\":\"ca\",\"potentialAction\":[{\"@type\":\"ReadAction\",\"target\":[\"https:\\\/\\\/promocioeconomica.paeria.cat\\\/web\\\/jornada-dones-i-emprenedoria-03-03-2026\\\/\"]}]},{\"@type\":\"ImageObject\",\"inLanguage\":\"ca\",\"@id\":\"https:\\\/\\\/promocioeconomica.paeria.cat\\\/web\\\/jornada-dones-i-emprenedoria-03-03-2026\\\/#primaryimage\",\"url\":\"https:\\\/\\\/promocioeconomica.paeria.cat\\\/web\\\/wp-content\\\/uploads\\\/2026\\\/03\\\/dielleida26-scaled.png\",\"contentUrl\":\"https:\\\/\\\/promocioeconomica.paeria.cat\\\/web\\\/wp-content\\\/uploads\\\/2026\\\/03\\\/dielleida26-scaled.png\",\"width\":2560,\"height\":856},{\"@type\":\"BreadcrumbList\",\"@id\":\"https:\\\/\\\/promocioeconomica.paeria.cat\\\/web\\\/jornada-dones-i-emprenedoria-03-03-2026\\\/#breadcrumb\",\"itemListElement\":[{\"@type\":\"ListItem\",\"position\":1,\"name\":\"Inici\",\"item\":\"https:\\\/\\\/promocioeconomica.paeria.cat\\\/web\\\/\"},{\"@type\":\"ListItem\",\"position\":2,\"name\":\"Jornada Dones i Emprenedoria &#8211; 03\\\/03\\\/2026\"}]},{\"@type\":\"WebSite\",\"@id\":\"https:\\\/\\\/promocioeconomica.paeria.cat\\\/web\\\/#website\",\"url\":\"https:\\\/\\\/promocioeconomica.paeria.cat\\\/web\\\/\",\"name\":\"Promoci\u00f3 Econ\u00f2mica i Emprenedoria\",\"description\":\"Regidoria de Promoci\u00f3 Econ\u00f2mica i Emprenedoria\",\"publisher\":{\"@id\":\"https:\\\/\\\/promocioeconomica.paeria.cat\\\/web\\\/#organization\"},\"potentialAction\":[{\"@type\":\"SearchAction\",\"target\":{\"@type\":\"EntryPoint\",\"urlTemplate\":\"https:\\\/\\\/promocioeconomica.paeria.cat\\\/web\\\/?s={search_term_string}\"},\"query-input\":{\"@type\":\"PropertyValueSpecification\",\"valueRequired\":true,\"valueName\":\"search_term_string\"}}],\"inLanguage\":\"ca\"},{\"@type\":\"Organization\",\"@id\":\"https:\\\/\\\/promocioeconomica.paeria.cat\\\/web\\\/#organization\",\"name\":\"Ajuntament de Lleida\",\"url\":\"https:\\\/\\\/promocioeconomica.paeria.cat\\\/web\\\/\",\"logo\":{\"@type\":\"ImageObject\",\"inLanguage\":\"ca\",\"@id\":\"https:\\\/\\\/promocioeconomica.paeria.cat\\\/web\\\/#\\\/schema\\\/logo\\\/image\\\/\",\"url\":\"https:\\\/\\\/promocioeconomica.paeria.cat\\\/web\\\/wp-content\\\/uploads\\\/2021\\\/06\\\/capcalera-promocio-economica.png\",\"contentUrl\":\"https:\\\/\\\/promocioeconomica.paeria.cat\\\/web\\\/wp-content\\\/uploads\\\/2021\\\/06\\\/capcalera-promocio-economica.png\",\"width\":1100,\"height\":221,\"caption\":\"Ajuntament de Lleida\"},\"image\":{\"@id\":\"https:\\\/\\\/promocioeconomica.paeria.cat\\\/web\\\/#\\\/schema\\\/logo\\\/image\\\/\"}}]}<\/script>\n<!-- \/ Yoast SEO plugin. -->","yoast_head_json":{"title":"Jornada Dones i Emprenedoria - 03\/03\/2026 - Promoci\u00f3 Econ\u00f2mica i Emprenedoria","robots":{"index":"index","follow":"follow","max-snippet":"max-snippet:-1","max-image-preview":"max-image-preview:large","max-video-preview":"max-video-preview:-1"},"canonical":"https:\/\/promocioeconomica.paeria.cat\/web\/jornada-dones-i-emprenedoria-03-03-2026\/","og_locale":"ca_ES","og_type":"article","og_title":"Jornada Dones i Emprenedoria - 03\/03\/2026 - Promoci\u00f3 Econ\u00f2mica i Emprenedoria","og_description":"Jornada organitzada per l\u2019Ajuntament de Lleida a trav\u00e9s de la Regidoria de Feminismes, la Regidoria de Promoci\u00f3 de la Ciutat i la Regidoria de Joventut, Educaci\u00f3 i Ocupaci\u00f3, a m\u00e9s de l\u2019Institut Municipal d\u2019Ocupaci\u00f3 (IMO). La jornada es planteja com un espai de trobada i intercanvi entre emprenedores, empres\u00e0ries i directives del territori, amb l\u2019objectiu ... Llegiu m\u00e9s","og_url":"https:\/\/promocioeconomica.paeria.cat\/web\/jornada-dones-i-emprenedoria-03-03-2026\/","og_site_name":"Promoci\u00f3 Econ\u00f2mica i Emprenedoria","article_modified_time":"2026-03-18T15:28:06+00:00","og_image":[{"width":2560,"height":856,"url":"https:\/\/promocioeconomica.paeria.cat\/web\/wp-content\/uploads\/2026\/03\/dielleida26-scaled.png","type":"image\/png"}],"twitter_card":"summary_large_image","twitter_misc":{"Temps estimat de lectura":"1 minut"},"schema":{"@context":"https:\/\/schema.org","@graph":[{"@type":"WebPage","@id":"https:\/\/promocioeconomica.paeria.cat\/web\/jornada-dones-i-emprenedoria-03-03-2026\/","url":"https:\/\/promocioeconomica.paeria.cat\/web\/jornada-dones-i-emprenedoria-03-03-2026\/","name":"Jornada Dones i Emprenedoria - 03\/03\/2026 - Promoci\u00f3 Econ\u00f2mica i Emprenedoria","isPartOf":{"@id":"https:\/\/promocioeconomica.paeria.cat\/web\/#website"},"primaryImageOfPage":{"@id":"https:\/\/promocioeconomica.paeria.cat\/web\/jornada-dones-i-emprenedoria-03-03-2026\/#primaryimage"},"image":{"@id":"https:\/\/promocioeconomica.paeria.cat\/web\/jornada-dones-i-emprenedoria-03-03-2026\/#primaryimage"},"thumbnailUrl":"https:\/\/promocioeconomica.paeria.cat\/web\/wp-content\/uploads\/2026\/03\/dielleida26-1024x342.png","datePublished":"2026-03-17T15:48:26+00:00","dateModified":"2026-03-18T15:28:06+00:00","breadcrumb":{"@id":"https:\/\/promocioeconomica.paeria.cat\/web\/jornada-dones-i-emprenedoria-03-03-2026\/#breadcrumb"},"inLanguage":"ca","potentialAction":[{"@type":"ReadAction","target":["https:\/\/promocioeconomica.paeria.cat\/web\/jornada-dones-i-emprenedoria-03-03-2026\/"]}]},{"@type":"ImageObject","inLanguage":"ca","@id":"https:\/\/promocioeconomica.paeria.cat\/web\/jornada-dones-i-emprenedoria-03-03-2026\/#primaryimage","url":"https:\/\/promocioeconomica.paeria.cat\/web\/wp-content\/uploads\/2026\/03\/dielleida26-scaled.png","contentUrl":"https:\/\/promocioeconomica.paeria.cat\/web\/wp-content\/uploads\/2026\/03\/dielleida26-scaled.png","width":2560,"height":856},{"@type":"BreadcrumbList","@id":"https:\/\/promocioeconomica.paeria.cat\/web\/jornada-dones-i-emprenedoria-03-03-2026\/#breadcrumb","itemListElement":[{"@type":"ListItem","position":1,"name":"Inici","item":"https:\/\/promocioeconomica.paeria.cat\/web\/"},{"@type":"ListItem","position":2,"name":"Jornada Dones i Emprenedoria &#8211; 03\/03\/2026"}]},{"@type":"WebSite","@id":"https:\/\/promocioeconomica.paeria.cat\/web\/#website","url":"https:\/\/promocioeconomica.paeria.cat\/web\/","name":"Promoci\u00f3 Econ\u00f2mica i Emprenedoria","description":"Regidoria de Promoci\u00f3 Econ\u00f2mica i Emprenedoria","publisher":{"@id":"https:\/\/promocioeconomica.paeria.cat\/web\/#organization"},"potentialAction":[{"@type":"SearchAction","target":{"@type":"EntryPoint","urlTemplate":"https:\/\/promocioeconomica.paeria.cat\/web\/?s={search_term_string}"},"query-input":{"@type":"PropertyValueSpecification","valueRequired":true,"valueName":"search_term_string"}}],"inLanguage":"ca"},{"@type":"Organization","@id":"https:\/\/promocioeconomica.paeria.cat\/web\/#organization","name":"Ajuntament de Lleida","url":"https:\/\/promocioeconomica.paeria.cat\/web\/","logo":{"@type":"ImageObject","inLanguage":"ca","@id":"https:\/\/promocioeconomica.paeria.cat\/web\/#\/schema\/logo\/image\/","url":"https:\/\/promocioeconomica.paeria.cat\/web\/wp-content\/uploads\/2021\/06\/capcalera-promocio-economica.png","contentUrl":"https:\/\/promocioeconomica.paeria.cat\/web\/wp-content\/uploads\/2021\/06\/capcalera-promocio-economica.png","width":1100,"height":221,"caption":"Ajuntament de Lleida"},"image":{"@id":"https:\/\/promocioeconomica.paeria.cat\/web\/#\/schema\/logo\/image\/"}}]}},"_links":{"self":[{"href":"https:\/\/promocioeconomica.paeria.cat\/web\/wp-json\/wp\/v2\/pages\/3218","targetHints":{"allow":["GET"]}}],"collection":[{"href":"https:\/\/promocioeconomica.paeria.cat\/web\/wp-json\/wp\/v2\/pages"}],"about":[{"href":"https:\/\/promocioeconomica.paeria.cat\/web\/wp-json\/wp\/v2\/types\/page"}],"author":[{"embeddable":true,"href":"https:\/\/promocioeconomica.paeria.cat\/web\/wp-json\/wp\/v2\/users\/17"}],"replies":[{"embeddable":true,"href":"https:\/\/promocioeconomica.paeria.cat\/web\/wp-json\/wp\/v2\/comments?post=3218"}],"version-history":[{"count":32,"href":"https:\/\/promocioeconomica.paeria.cat\/web\/wp-json\/wp\/v2\/pages\/3218\/revisions"}],"predecessor-version":[{"id":3298,"href":"https:\/\/promocioeconomica.paeria.cat\/web\/wp-json\/wp\/v2\/pages\/3218\/revisions\/3298"}],"wp:attachment":[{"href":"https:\/\/promocioeconomica.paeria.cat\/web\/wp-json\/wp\/v2\/media?parent=3218"}],"curies":[{"name":"wp","href":"https:\/\/api.w.org\/{rel}","templated":true}]}}