{"id":666,"date":"2020-12-24T10:03:44","date_gmt":"2020-12-24T08:03:44","guid":{"rendered":"https:\/\/promocioeconomica.paeria.cat\/web\/?page_id=666"},"modified":"2025-03-20T15:32:49","modified_gmt":"2025-03-20T13:32:49","slug":"contacta","status":"publish","type":"page","link":"https:\/\/promocioeconomica.paeria.cat\/web\/contacta\/","title":{"rendered":"Contacta i segueix-nos"},"content":{"rendered":"\t\t<div data-elementor-type=\"wp-page\" data-elementor-id=\"666\" class=\"elementor elementor-666\">\n\t\t\t\t\t\t<section class=\"elementor-section elementor-top-section elementor-element elementor-element-85408bb elementor-section-boxed elementor-section-height-default elementor-section-height-default\" data-id=\"85408bb\" data-element_type=\"section\" data-e-type=\"section\">\n\t\t\t\t\t\t<div class=\"elementor-container elementor-column-gap-default\">\n\t\t\t\t\t<div class=\"elementor-column elementor-col-100 elementor-top-column elementor-element elementor-element-615ee2c\" data-id=\"615ee2c\" data-element_type=\"column\" data-e-type=\"column\">\n\t\t\t<div class=\"elementor-widget-wrap elementor-element-populated\">\n\t\t\t\t\t\t<div class=\"elementor-element elementor-element-59a8652 elementor-widget elementor-widget-text-editor\" data-id=\"59a8652\" data-element_type=\"widget\" data-e-type=\"widget\" data-widget_type=\"text-editor.default\">\n\t\t\t\t<div class=\"elementor-widget-container\">\n\t\t\t\t\t\t\t\t\t<h3><strong><span style=\"text-decoration: underline;\">Truca&#8217;ns o escriu-nos:\u00a0<\/span> <\/strong><\/h3><p>Tel\u00e8fon: 973 678 058 &#8211; <strong><a href=\"mailto:promocioeconomica@paeria.cat\" target=\"_blank\" rel=\"noopener\">promocioeconomica@paeria.cat <\/a><\/strong><\/p><p>\u00a0<\/p><h3><strong><span style=\"text-decoration: underline;\">Subscripci\u00f3 butllet\u00ed<\/span> <\/strong><\/h3><p>Per rebre informaci\u00f3 de les activitats que organitzem:<\/p><h3><a href=\"https:\/\/paeria.us21.list-manage.com\/subscribe?u=55a832fc0a3d1795a009751bd&amp;id=b648df2123\" target=\"_blank\" rel=\"noopener\"><strong>Dona\u2019t d\u2019alta al nostre butllet\u00ed a trav\u00e9s del seg\u00fcent formulari.<\/strong><\/a><\/h3><h3>\u00a0<\/h3><h3><span style=\"text-decoration: underline;\"><strong>Grup de LinkedIn enLLEIDA\u2019t<\/strong><\/span><\/h3><p><img decoding=\"async\" class=\"alignright\" src=\"https:\/\/promocioeconomica.paeria.cat\/web\/wp-content\/uploads\/2024\/05\/enlleidat-fotoperfil-linkedIn-300x300.jpg\" alt=\"\" width=\"143\" height=\"143\" \/>Si ets una persona amb inquietuds vers l\u2019emprenedoria, o ja ets aut\u00f2noma, professional o empres\u00e0ria, o pertanys a una entitat o associaci\u00f3 empresarial amb seu social a Lleida o amb interessos econ\u00f2mics i empresarials a Lleida, aquest \u00e9s el lloc de trobada de l&#8217;ecosistema emprenedor lleidat\u00e0.\u00a0<\/p><h3><strong><a href=\"https:\/\/www.linkedin.com\/groups\/9235840\/\" target=\"_blank\" rel=\"noopener\">Apunta&#8217;t a enLLEIDA&#8217;t i forma part de la comunitat!<\/a><\/strong><\/h3><h3>\u00a0<\/h3><h3><span style=\"text-decoration-line: underline;\"><strong>Presencialment estem a:<\/strong><\/span><\/h3><p><a href=\"https:\/\/www.google.com\/maps?ll=41.619065,0.636622&amp;z=18&amp;t=m&amp;hl=es-ES&amp;gl=US&amp;mapclient=embed&amp;q=Avinguda+de+Tortosa,+2+25005+Lleida\" target=\"_blank\" rel=\"noopener\">Avinguda Tortosa, 2, 1era planta<br \/>25005 Lleida<\/a><\/p>\t\t\t\t\t\t\t\t<\/div>\n\t\t\t\t<\/div>\n\t\t\t\t\t<\/div>\n\t\t<\/div>\n\t\t\t\t\t<\/div>\n\t\t<\/section>\n\t\t\t\t<section class=\"elementor-section elementor-top-section elementor-element elementor-element-640158f elementor-section-boxed elementor-section-height-default elementor-section-height-default\" data-id=\"640158f\" data-element_type=\"section\" data-e-type=\"section\">\n\t\t\t\t\t\t<div class=\"elementor-container elementor-column-gap-default\">\n\t\t\t\t\t<div class=\"elementor-column elementor-col-100 elementor-top-column elementor-element elementor-element-e9d83c3\" data-id=\"e9d83c3\" data-element_type=\"column\" data-e-type=\"column\">\n\t\t\t<div class=\"elementor-widget-wrap elementor-element-populated\">\n\t\t\t\t\t\t<div class=\"elementor-element elementor-element-885ba00 elementor-widget elementor-widget-google_maps\" data-id=\"885ba00\" data-element_type=\"widget\" data-e-type=\"widget\" data-widget_type=\"google_maps.default\">\n\t\t\t\t<div class=\"elementor-widget-container\">\n\t\t\t\t\t\t\t<div class=\"elementor-custom-embed\">\n\t\t\t<iframe loading=\"lazy\"\n\t\t\t\t\tsrc=\"https:\/\/maps.google.com\/maps?q=Avinguda%20Tortosa%2C%202%2C%20Lleida&#038;t=m&#038;z=18&#038;output=embed&#038;iwloc=near\"\n\t\t\t\t\ttitle=\"Avinguda Tortosa, 2, Lleida\"\n\t\t\t\t\taria-label=\"Avinguda Tortosa, 2, Lleida\"\n\t\t\t><\/iframe>\n\t\t<\/div>\n\t\t\t\t\t\t<\/div>\n\t\t\t\t<\/div>\n\t\t\t\t\t<\/div>\n\t\t<\/div>\n\t\t\t\t\t<\/div>\n\t\t<\/section>\n\t\t\t\t<\/div>\n\t\t","protected":false},"excerpt":{"rendered":"<p>Truca&#8217;ns o escriu-nos:\u00a0 Tel\u00e8fon: 973 678 058 &#8211; promocioeconomica@paeria.cat \u00a0 Subscripci\u00f3 butllet\u00ed Per rebre informaci\u00f3 de les activitats que organitzem: Dona\u2019t d\u2019alta al nostre butllet\u00ed a trav\u00e9s del seg\u00fcent formulari. \u00a0 Grup de LinkedIn enLLEIDA\u2019t Si ets una persona amb inquietuds vers l\u2019emprenedoria, o ja ets aut\u00f2noma, professional o empres\u00e0ria, o pertanys a una entitat &#8230; <a title=\"Contacta i segueix-nos\" class=\"read-more\" href=\"https:\/\/promocioeconomica.paeria.cat\/web\/contacta\/\" aria-label=\"M\u00e9s informaci\u00f3 sobre Contacta i segueix-nos\">Llegiu m\u00e9s<\/a><\/p>\n","protected":false},"author":6,"featured_media":0,"parent":0,"menu_order":0,"comment_status":"closed","ping_status":"closed","template":"","meta":{"_sitemap_exclude":false,"_sitemap_priority":"","_sitemap_frequency":"","footnotes":""},"class_list":["post-666","page","type-page","status-publish"],"yoast_head":"<!-- This site is optimized with the Yoast SEO plugin v27.5 - https:\/\/yoast.com\/product\/yoast-seo-wordpress\/ -->\n<title>Contacta i segueix-nos - Promoci\u00f3 Econ\u00f2mica i Emprenedoria<\/title>\n<meta name=\"robots\" content=\"index, follow, max-snippet:-1, max-image-preview:large, max-video-preview:-1\" \/>\n<link rel=\"canonical\" href=\"https:\/\/promocioeconomica.paeria.cat\/web\/contacta\/\" \/>\n<meta property=\"og:locale\" content=\"ca_ES\" \/>\n<meta property=\"og:type\" content=\"article\" \/>\n<meta property=\"og:title\" content=\"Contacta i segueix-nos - Promoci\u00f3 Econ\u00f2mica i Emprenedoria\" \/>\n<meta property=\"og:description\" content=\"Truca&#8217;ns o escriu-nos:\u00a0 Tel\u00e8fon: 973 678 058 &#8211; promocioeconomica@paeria.cat \u00a0 Subscripci\u00f3 butllet\u00ed Per rebre informaci\u00f3 de les activitats que organitzem: Dona\u2019t d\u2019alta al nostre butllet\u00ed a trav\u00e9s del seg\u00fcent formulari. \u00a0 Grup de LinkedIn enLLEIDA\u2019t Si ets una persona amb inquietuds vers l\u2019emprenedoria, o ja ets aut\u00f2noma, professional o empres\u00e0ria, o pertanys a una entitat ... Llegiu m\u00e9s\" \/>\n<meta property=\"og:url\" content=\"https:\/\/promocioeconomica.paeria.cat\/web\/contacta\/\" \/>\n<meta property=\"og:site_name\" content=\"Promoci\u00f3 Econ\u00f2mica i Emprenedoria\" \/>\n<meta property=\"article:modified_time\" content=\"2025-03-20T13:32:49+00:00\" \/>\n<meta property=\"og:image\" content=\"https:\/\/promocioeconomica.paeria.cat\/web\/wp-content\/uploads\/2024\/05\/enlleidat-fotoperfil-linkedIn-300x300.jpg\" \/>\n<meta name=\"twitter:card\" content=\"summary_large_image\" \/>\n<meta name=\"twitter:label1\" content=\"Temps estimat de lectura\" \/>\n\t<meta name=\"twitter:data1\" content=\"1 minut\" \/>\n<script type=\"application\/ld+json\" class=\"yoast-schema-graph\">{\"@context\":\"https:\\\/\\\/schema.org\",\"@graph\":[{\"@type\":\"WebPage\",\"@id\":\"https:\\\/\\\/promocioeconomica.paeria.cat\\\/web\\\/contacta\\\/\",\"url\":\"https:\\\/\\\/promocioeconomica.paeria.cat\\\/web\\\/contacta\\\/\",\"name\":\"Contacta i segueix-nos - Promoci\u00f3 Econ\u00f2mica i Emprenedoria\",\"isPartOf\":{\"@id\":\"https:\\\/\\\/promocioeconomica.paeria.cat\\\/web\\\/#website\"},\"primaryImageOfPage\":{\"@id\":\"https:\\\/\\\/promocioeconomica.paeria.cat\\\/web\\\/contacta\\\/#primaryimage\"},\"image\":{\"@id\":\"https:\\\/\\\/promocioeconomica.paeria.cat\\\/web\\\/contacta\\\/#primaryimage\"},\"thumbnailUrl\":\"https:\\\/\\\/promocioeconomica.paeria.cat\\\/web\\\/wp-content\\\/uploads\\\/2024\\\/05\\\/enlleidat-fotoperfil-linkedIn-300x300.jpg\",\"datePublished\":\"2020-12-24T08:03:44+00:00\",\"dateModified\":\"2025-03-20T13:32:49+00:00\",\"breadcrumb\":{\"@id\":\"https:\\\/\\\/promocioeconomica.paeria.cat\\\/web\\\/contacta\\\/#breadcrumb\"},\"inLanguage\":\"ca\",\"potentialAction\":[{\"@type\":\"ReadAction\",\"target\":[\"https:\\\/\\\/promocioeconomica.paeria.cat\\\/web\\\/contacta\\\/\"]}]},{\"@type\":\"ImageObject\",\"inLanguage\":\"ca\",\"@id\":\"https:\\\/\\\/promocioeconomica.paeria.cat\\\/web\\\/contacta\\\/#primaryimage\",\"url\":\"https:\\\/\\\/promocioeconomica.paeria.cat\\\/web\\\/wp-content\\\/uploads\\\/2024\\\/05\\\/enlleidat-fotoperfil-linkedIn.jpg\",\"contentUrl\":\"https:\\\/\\\/promocioeconomica.paeria.cat\\\/web\\\/wp-content\\\/uploads\\\/2024\\\/05\\\/enlleidat-fotoperfil-linkedIn.jpg\",\"width\":400,\"height\":400},{\"@type\":\"BreadcrumbList\",\"@id\":\"https:\\\/\\\/promocioeconomica.paeria.cat\\\/web\\\/contacta\\\/#breadcrumb\",\"itemListElement\":[{\"@type\":\"ListItem\",\"position\":1,\"name\":\"Inici\",\"item\":\"https:\\\/\\\/promocioeconomica.paeria.cat\\\/web\\\/\"},{\"@type\":\"ListItem\",\"position\":2,\"name\":\"Contacta i segueix-nos\"}]},{\"@type\":\"WebSite\",\"@id\":\"https:\\\/\\\/promocioeconomica.paeria.cat\\\/web\\\/#website\",\"url\":\"https:\\\/\\\/promocioeconomica.paeria.cat\\\/web\\\/\",\"name\":\"Promoci\u00f3 Econ\u00f2mica i Emprenedoria\",\"description\":\"Regidoria de Promoci\u00f3 Econ\u00f2mica i Emprenedoria\",\"publisher\":{\"@id\":\"https:\\\/\\\/promocioeconomica.paeria.cat\\\/web\\\/#organization\"},\"potentialAction\":[{\"@type\":\"SearchAction\",\"target\":{\"@type\":\"EntryPoint\",\"urlTemplate\":\"https:\\\/\\\/promocioeconomica.paeria.cat\\\/web\\\/?s={search_term_string}\"},\"query-input\":{\"@type\":\"PropertyValueSpecification\",\"valueRequired\":true,\"valueName\":\"search_term_string\"}}],\"inLanguage\":\"ca\"},{\"@type\":\"Organization\",\"@id\":\"https:\\\/\\\/promocioeconomica.paeria.cat\\\/web\\\/#organization\",\"name\":\"Ajuntament de Lleida\",\"url\":\"https:\\\/\\\/promocioeconomica.paeria.cat\\\/web\\\/\",\"logo\":{\"@type\":\"ImageObject\",\"inLanguage\":\"ca\",\"@id\":\"https:\\\/\\\/promocioeconomica.paeria.cat\\\/web\\\/#\\\/schema\\\/logo\\\/image\\\/\",\"url\":\"https:\\\/\\\/promocioeconomica.paeria.cat\\\/web\\\/wp-content\\\/uploads\\\/2021\\\/06\\\/capcalera-promocio-economica.png\",\"contentUrl\":\"https:\\\/\\\/promocioeconomica.paeria.cat\\\/web\\\/wp-content\\\/uploads\\\/2021\\\/06\\\/capcalera-promocio-economica.png\",\"width\":1100,\"height\":221,\"caption\":\"Ajuntament de Lleida\"},\"image\":{\"@id\":\"https:\\\/\\\/promocioeconomica.paeria.cat\\\/web\\\/#\\\/schema\\\/logo\\\/image\\\/\"}}]}<\/script>\n<!-- \/ Yoast SEO plugin. -->","yoast_head_json":{"title":"Contacta i segueix-nos - Promoci\u00f3 Econ\u00f2mica i Emprenedoria","robots":{"index":"index","follow":"follow","max-snippet":"max-snippet:-1","max-image-preview":"max-image-preview:large","max-video-preview":"max-video-preview:-1"},"canonical":"https:\/\/promocioeconomica.paeria.cat\/web\/contacta\/","og_locale":"ca_ES","og_type":"article","og_title":"Contacta i segueix-nos - Promoci\u00f3 Econ\u00f2mica i Emprenedoria","og_description":"Truca&#8217;ns o escriu-nos:\u00a0 Tel\u00e8fon: 973 678 058 &#8211; promocioeconomica@paeria.cat \u00a0 Subscripci\u00f3 butllet\u00ed Per rebre informaci\u00f3 de les activitats que organitzem: Dona\u2019t d\u2019alta al nostre butllet\u00ed a trav\u00e9s del seg\u00fcent formulari. \u00a0 Grup de LinkedIn enLLEIDA\u2019t Si ets una persona amb inquietuds vers l\u2019emprenedoria, o ja ets aut\u00f2noma, professional o empres\u00e0ria, o pertanys a una entitat ... Llegiu m\u00e9s","og_url":"https:\/\/promocioeconomica.paeria.cat\/web\/contacta\/","og_site_name":"Promoci\u00f3 Econ\u00f2mica i Emprenedoria","article_modified_time":"2025-03-20T13:32:49+00:00","og_image":[{"url":"https:\/\/promocioeconomica.paeria.cat\/web\/wp-content\/uploads\/2024\/05\/enlleidat-fotoperfil-linkedIn-300x300.jpg","type":"","width":"","height":""}],"twitter_card":"summary_large_image","twitter_misc":{"Temps estimat de lectura":"1 minut"},"schema":{"@context":"https:\/\/schema.org","@graph":[{"@type":"WebPage","@id":"https:\/\/promocioeconomica.paeria.cat\/web\/contacta\/","url":"https:\/\/promocioeconomica.paeria.cat\/web\/contacta\/","name":"Contacta i segueix-nos - Promoci\u00f3 Econ\u00f2mica i Emprenedoria","isPartOf":{"@id":"https:\/\/promocioeconomica.paeria.cat\/web\/#website"},"primaryImageOfPage":{"@id":"https:\/\/promocioeconomica.paeria.cat\/web\/contacta\/#primaryimage"},"image":{"@id":"https:\/\/promocioeconomica.paeria.cat\/web\/contacta\/#primaryimage"},"thumbnailUrl":"https:\/\/promocioeconomica.paeria.cat\/web\/wp-content\/uploads\/2024\/05\/enlleidat-fotoperfil-linkedIn-300x300.jpg","datePublished":"2020-12-24T08:03:44+00:00","dateModified":"2025-03-20T13:32:49+00:00","breadcrumb":{"@id":"https:\/\/promocioeconomica.paeria.cat\/web\/contacta\/#breadcrumb"},"inLanguage":"ca","potentialAction":[{"@type":"ReadAction","target":["https:\/\/promocioeconomica.paeria.cat\/web\/contacta\/"]}]},{"@type":"ImageObject","inLanguage":"ca","@id":"https:\/\/promocioeconomica.paeria.cat\/web\/contacta\/#primaryimage","url":"https:\/\/promocioeconomica.paeria.cat\/web\/wp-content\/uploads\/2024\/05\/enlleidat-fotoperfil-linkedIn.jpg","contentUrl":"https:\/\/promocioeconomica.paeria.cat\/web\/wp-content\/uploads\/2024\/05\/enlleidat-fotoperfil-linkedIn.jpg","width":400,"height":400},{"@type":"BreadcrumbList","@id":"https:\/\/promocioeconomica.paeria.cat\/web\/contacta\/#breadcrumb","itemListElement":[{"@type":"ListItem","position":1,"name":"Inici","item":"https:\/\/promocioeconomica.paeria.cat\/web\/"},{"@type":"ListItem","position":2,"name":"Contacta i segueix-nos"}]},{"@type":"WebSite","@id":"https:\/\/promocioeconomica.paeria.cat\/web\/#website","url":"https:\/\/promocioeconomica.paeria.cat\/web\/","name":"Promoci\u00f3 Econ\u00f2mica i Emprenedoria","description":"Regidoria de Promoci\u00f3 Econ\u00f2mica i Emprenedoria","publisher":{"@id":"https:\/\/promocioeconomica.paeria.cat\/web\/#organization"},"potentialAction":[{"@type":"SearchAction","target":{"@type":"EntryPoint","urlTemplate":"https:\/\/promocioeconomica.paeria.cat\/web\/?s={search_term_string}"},"query-input":{"@type":"PropertyValueSpecification","valueRequired":true,"valueName":"search_term_string"}}],"inLanguage":"ca"},{"@type":"Organization","@id":"https:\/\/promocioeconomica.paeria.cat\/web\/#organization","name":"Ajuntament de Lleida","url":"https:\/\/promocioeconomica.paeria.cat\/web\/","logo":{"@type":"ImageObject","inLanguage":"ca","@id":"https:\/\/promocioeconomica.paeria.cat\/web\/#\/schema\/logo\/image\/","url":"https:\/\/promocioeconomica.paeria.cat\/web\/wp-content\/uploads\/2021\/06\/capcalera-promocio-economica.png","contentUrl":"https:\/\/promocioeconomica.paeria.cat\/web\/wp-content\/uploads\/2021\/06\/capcalera-promocio-economica.png","width":1100,"height":221,"caption":"Ajuntament de Lleida"},"image":{"@id":"https:\/\/promocioeconomica.paeria.cat\/web\/#\/schema\/logo\/image\/"}}]}},"_links":{"self":[{"href":"https:\/\/promocioeconomica.paeria.cat\/web\/wp-json\/wp\/v2\/pages\/666","targetHints":{"allow":["GET"]}}],"collection":[{"href":"https:\/\/promocioeconomica.paeria.cat\/web\/wp-json\/wp\/v2\/pages"}],"about":[{"href":"https:\/\/promocioeconomica.paeria.cat\/web\/wp-json\/wp\/v2\/types\/page"}],"author":[{"embeddable":true,"href":"https:\/\/promocioeconomica.paeria.cat\/web\/wp-json\/wp\/v2\/users\/6"}],"replies":[{"embeddable":true,"href":"https:\/\/promocioeconomica.paeria.cat\/web\/wp-json\/wp\/v2\/comments?post=666"}],"version-history":[{"count":133,"href":"https:\/\/promocioeconomica.paeria.cat\/web\/wp-json\/wp\/v2\/pages\/666\/revisions"}],"predecessor-version":[{"id":2784,"href":"https:\/\/promocioeconomica.paeria.cat\/web\/wp-json\/wp\/v2\/pages\/666\/revisions\/2784"}],"wp:attachment":[{"href":"https:\/\/promocioeconomica.paeria.cat\/web\/wp-json\/wp\/v2\/media?parent=666"}],"curies":[{"name":"wp","href":"https:\/\/api.w.org\/{rel}","templated":true}]}}